actor of y(0)?
False
Suppose 29*p = 30*p - 66. Is 18 a factor of p?
False
Let b(f) = 10*f**2 + 7*f + 5. Does 17 divide b(-3)?
False
Suppose -4*m - 4*q - 4 = 0, -5*q + 3*q = -m - 1. Let i(t) = 14*t**2 - t - 1. Does 10 divide i(m)?
False
Is 60 + 2/3*-9 a multiple of 6?
True
Suppose 0 = -4*g + 3*c + 510, 4*g = -7*c + 2*c + 494. Does 18 divide g?
True
Let q = 16 + -22. Let h(n) = -n**3 - n**2 + n - 63. Let t be h(0). Does 14 divide (t/q)/(2/8)?
True
Let l(p) = 2*p**2 - 7*p - 12. Does 3 divide l(6)?
True
Let r = 40 - 20. Suppose -10 = 3*f + l - 6*l, 4*l - r = 0. Does 5 divide f?
True
Suppose -10*z = -6*z - 76. Suppose z = 2*n - 11. Is 5 a factor of n?
True
Suppose 5*h = -2*r + 337, -h - 3*r + 2*r = -65. Let l = -100 + 59. Let a = h + l. Is 14 a factor of a?
True
Suppose -7*m - 9 = -4*m. Does 15 divide (12/(-8))/m*30?
True
Suppose -8 = -2*t - 2*j, 22 = 5*t - 3*j + 7*j. Let u = -6 + t. Let n = 10 - u. Does 9 divide n?
False
Let v(j) = -35*j**2 + 3*j - 2. Let w be -3*-2*(-2)/(-6). Let f be v(w). Let z = -70 - f. Does 25 divide z?
False
Let h(q) = -q**3 - 7*q**2 - 6*q - 7. Let s be h(-6). Let i = s - -11. Does 12 divide (-37 + 1)*i/(-6)?
True
Suppose 9*f - 5*f = 60. Let c be (-3)/(21/(-9) + 2). Suppose 0 = 4*b - c - f. Is b a multiple of 2?
True
Suppose -8*i - 10 = -13*i. Suppose 7*p = i*p + 125. Does 13 divide p?
False
Let u be (-390)/9*3*-2. Suppose 0*z + 4*z = u. Is 32 a factor of z?
False
Let n = 21 + -18. Suppose -2*s = -n*r - 49, -r + 50 = 2*s - 5*r. Is s a multiple of 18?
False
Let z(q) = -q + 1. Let b be z(-3). Let t = 42 + 12. Suppose b*n = n + t. Is n a multiple of 9?
True
Let a(b) = -5*b. Let w be a(-1). Let y(q) = -q + 10. Let n be y(w). Suppose -n*j = -k - 0*j + 9, 0 = -j + 5. Is 17 a factor of k?
True
Is (476/8 + -1)*(-8)/(-12) a multiple of 16?
False
Let q be (-1142)/(-6) - (-5)/(-15). Suppose -q = -3*p + 4*r, -5*p - 3*r + 360 = -r. Suppose 4*f + p = 3*a - 0*f, -102 = -5*a + 3*f. Does 6 divide a?
True
Let b = 20 - -6. Is b a multiple of 4?
False
Let m be 1 + 0 - 0 - 3. Let w be (-351)/21 - m/(-7). Let c = -9 - w. Is c a multiple of 4?
True
Let z(l) = l**2 - 7*l. Let g be z(8). Suppose 3*v + g = v. Let w(j) = 2*j**2 + 3*j + 3. Is w(v) a multiple of 14?
False
Suppose -5*j + 0*j = 0. Let h = -4 - j. Does 14 divide (-584)/(-36) + h/18?
False
Does 37 divide 2/(-12) - 2222/(-12)?
True
Let d(n) = -n**3 + 9*n**2 + n + 6. Let f be d(8). Suppose 0*o - o + f = 0. Is (-6)/(-9)*o/4 a multiple of 8?
False
Suppose 2*c - 4*a = 102, -c - 2*a - 204 = -5*c. Does 11 divide c?
False
Suppose 0 = b - v - 36, -b - 3*v = v - 11. Is b a multiple of 11?
False
Let r(k) = 3*k**2 - k - 1. Let t be r(-1). Suppose -3*i = n - 10, 0*i + t*n - 18 = -3*i. Suppose -3*g + 69 = i*h, -h + 3*g + 21 = -0*h. Does 15 divide h?
True
Let o(n) = -9*n. Let j(g) = -9*g - 1. Let i(r) = -2*j(r) + 3*o(r). Let b be i(2). Is 3 a factor of (-3)/(-2)*b/(-3)?
False
Does 13 divide (-65)/2*14/(-5)?
True
Let s(v) = 4 + 2*v - v**2 - 3*v + 4*v**2 - 2*v**2. Is s(6) a multiple of 7?
False
Let i(k) = k - 1. Let t be i(4). Does 24 divide 74/t - (-6)/(-9)?
True
Let m(t) = -t**2 - t + 1. Let o be m(-5). Let s = 24 - o. Is 13 a factor of s?
False
Suppose 2*r = c + 4*c + 25, -5*r - 15 = 3*c. Let l(f) = f**2 - f - 3. Let w be l(-4). Let g = w + r. Does 7 divide g?
False
Let h = -2 + 11. Suppose h = 4*b + 1. Is 7 a factor of 34/2 - (1 + b)?
True
Let w(y) = -y**3 - 12*y**2 - 3*y + 4. Is w(-12) a multiple of 5?
True
Suppose 2*l + d - 634 = 0, 6*l = 4*l + 3*d + 618. Is 21 a factor of l?
True
Let r = -4 + -2. Let f = -6 - r. Suppose 4*p = 4*v - 32, f = -v + 3*p - 0*p + 18. Is 2 a factor of v?
False
Let z be 2 + -5 + (-4 - -76). Let g = 2 - 49. Let y = z + g. Is y a multiple of 22?
True
Does 11 divide -3 + (282 + -3)/3?
False
Let p(w) = w - 4 + w + 2*w - 6*w. Let u = -2 - 3. Is 2 a factor of p(u)?
True
Suppose 9 = j - 5*r, 0*r - 18 = -2*j - 4*r. Suppose -5*q + 2 = 4*v, -q + j = 4*v - 1. Is v a multiple of 2?
False
Suppose 6*h - 9*h = -450. Does 15 divide h?
True
Let j(h) = -h**3 - 17*h**2 + 16*h + 16. Does 16 divide j(-18)?
False
Suppose z = 3*w - 66, 4*w - 3*z + 12 = 5*w. Does 21 divide w/(-14) + (-258)/(-4)?
True
Suppose 2*o - 6 = -0. Let a(c) = -14*c. Let h be a(-1). Is 21/o*12/h a multiple of 6?
True
Is 22 a factor of (1 + 45/(-12))/((-1)/8)?
True
Let f(y) = -y**3 + 8*y**2 - 2*y + 7. Is f(7) a multiple of 10?
False
Let k be (3 - (-2)/(-1))*-61. Let f = k + 140. Is f a multiple of 14?
False
Suppose 0 = -3*q - 4*h + 85 + 41, 4*q - 2*h - 168 = 0. Suppose 5*v - 51 = 3*v - 5*m, 0 = v - 3*m - q. Suppose 0 = -4*u + v + 31. Is 7 a factor of u?
False
Does 2 divide (2/3)/(4/24)?
True
Let n = -17 - -41. Is 12 a factor of n?
True
Let n(c) = -c - 4. Let q be n(-7). Let w(a) = 4*a**2 - 4*a - 1. Is w(q) a multiple of 6?
False
Let d = -13 + 27. Let m = 29 - d. Is 6 a factor of m?
False
Does 21 divide (-100)/35*98/(-4)?
False
Let f(u) = -2*u**3 - 7*u**2 - 6*u - 2. Let z be f(-4). Suppose -2*o + 54 = -z. Does 23 divide o?
True
Let o(q) = -q**2 + 8*q - 7. Let b be o(5). Suppose 3*h + 2*l = l - 5, 0 = 2*h - 5*l - 25. Let u = b + h. Is 4 a factor of u?
True
Suppose -4*p + 100 = 2*a - 28, -2*p = -2*a - 64. Is p a multiple of 8?
True
Let v(x) = -x - 5. Let q be v(-9). Suppose -q*o = 2*t - 53 - 25, -3 = -t. Is o a multiple of 13?
False
Let i = 187 - 161. Is 4 a factor of i?
False
Suppose 0 = -3*v - 4*l + 38 - 7, l = 2*v - 17. Let h = 34 - v. Does 5 divide h?
True
Let y(s) = -s - 8. Let q be y(-14). Is 42/1*3/q a multiple of 19?
False
Let u = -3 + 21. Is u a multiple of 8?
False
Suppose -4*o + 4*d - 5*d + 619 = 0, 4*d + 176 = o. Does 12 divide o?
True
Let b(m) = m**3 - 7*m**2 + 6*m + 4. Let n be b(6). Suppose -3*v = -w + 51, -28 = 4*v - 3*v - n*w. Is ((-6)/(-4))/((-3)/v) a multiple of 4?
True
Suppose -5*a + 3*v + 11 + 16 = 0, 2*a + v = 13. Let d = 458 - 243. Suppose -a*h = -h - d. Is h a multiple of 16?
False
Let j = -1 - 0. Let q be (17 - j)/(3/(-4)). Let p = q + 45. Is 12 a factor of p?
False
Suppose -2*l + 5*v - 525 = -7*l, 4*v - 16 = 0. Is 11 a factor of l?
False
Let m be (-189)/(-14)*(-4)/(-6). Does 17 divide 628/m - (-14)/63?
False
Let i = 289 + -177. Is i a multiple of 14?
True
Suppose c - 189 = 4*c - w, 0 = -2*c - 2*w - 134. Let r = -32 - c. Does 14 divide r?
False
Suppose -19 - 62 = -4*q - 3*r, r - 62 = -3*q. Suppose -q = a - 59. Does 13 divide a?
False
Is 8 a factor of (-9)/(81/(-24))*6?
True
Let u(l) = -l**2 + 10*l. Suppose 4*t - 34 + 2 = 0. Does 6 divide u(t)?
False
Let z = 72 - 40. Is 2 a factor of z?
True
Suppose 3*n - n = -4*x + 72, -5*x = -10. Suppose 2*d = -2*d + n. Is d a multiple of 8?
True
Let q = -8 + 61. Suppose -3*y = -q - 58. Is 18 a factor of y?
False
Let i = 143 + 11. Does 27 divide i?
False
Suppose 0*t = 2*t. Suppose 0 = 2*n + 2 - 0. Is n + (17 - t) + 1 a multiple of 17?
True
Suppose 0 = -5*h + 3 - 18. Is 250/15 - 1/h a multiple of 9?
False
Does 31 divide 31*(24/10 - (-6)/(-15))?
True
Let l = 1 + -7. Does 22 divide (-88)/l*3/1?
True
Suppose -3*u + 99 = -0*u - 5*y, u = -4*y + 16. Is u a multiple of 18?
False
Let u(a) = a - 7. Let p be u(9). Suppose y - p = 13. Is y a multiple of 15?
True
Let x(m) = 5*m + 3. Suppose 3 + 0 = k. Does 13 divide x(k)?
False
Let w = 113 - 23. Is 15 a factor of w?
True
Suppose -5*r = -r + 152. Suppose -4*m = -m + 54. Let x = m - r. Does 10 divide x?
True
Suppose 0 = -3*c + 5*o + 85, 3*c + o = 5*o + 83. Let g = 31 - c. Is 2 a factor of g?
True
Let u(n) = 14*n + 63. Is u(12) a multiple of 14?
False
Let n = -37 + 60. Suppose -n = -5*d + 3*w + w, -3*d + 2*w = -13. Is 3 a factor of d?
True
Suppose 0*o - 2*o + 2*w = -50, 4*o - 5*w - 103 = 0. Let k be (-3)/(-12) + o/8. Suppose -k*d + 32 = -d. Is 16 a factor of d?
True
Let c be 3*(3 + (1 - -1)). Suppose 7*q = 8*q - c. Is q a multiple of 7?
False
Let t = 19 + -9. Does 11 divide (-2)/(-5) - (-226)/t?
False
Suppose 0 = 2*r - 4*r + 2. Let h be (-1 + 0)*(-2)/r. Suppose -x - w + 31 = h*x, 2*x - 4*w - 2 = 0. Does 3 divide x?
True
Let o be 1 + 0 + -1 + 3. Let r = -3 - o. Let d = -3 - r. Is d even?
False
Suppose 4*i + 2*n + 0*n = 636, 4*n + 648 = 4*i. Suppose -c - 3*c = -i. Suppose 3*a + s + c = 170, -226 = -5*a - 4*s. Is 14 a factor of a?
True
Suppose -3*h + 8 = 2. Is 11 a factor of 171/15 + h/(-5)?
True
Does 14 divide (-1)/(-4) - (2 + 1715/(